 + -1)) + 12.
12
What is the value of (-12 + (4 - 0) - -23) + -8?
7
What is the value of 24 + (-38 - -21) + 0 + 3?
10
Calculate -2 + (-12 - (0 + -3 + -6)) + 16.
11
33 + (7 - -4) + -11 + (10 - 13)
30
What is the value of -1 - 2 - (-2 - (1 + -5 + 2))?
-3
Calculate (-5 - -1) + 0 + 15 + (-69 - -50).
-8
What is 4 + 4 + -30 + -88 + 89?
-21
Evaluate -7 + 0 - (197 - 208) - (8 + 1).
-5
What is the value of 8 - ((-14 - -5 - (-2 - -7)) + 9)?
13
(-15 + 8 - 3) + -2 - -7
-5
What is the value of 21 - (-2 - -12 - (83 + -78))?
16
What is the value of 6 + (-1 - -10) + -18 - -1?
-2
6 + 17 + -49 + 7
-19
0 - 6 - (4 + -11 + -3 + -8)
12
What is the value of (6 - (3 + -2 - 10)) + -24?
-9
What is -13 + 26 - 3 - (-6 + 1 - 0)?
15
Evaluate (17 - (-1 - -8) - 2) + 0 + -6.
2
27 + -36 - ((1 - -1) + -9 - 0)
-2
Evaluate -23 + 2 + 30 + -16.
-7
Calculate -8 + -8 + 4 + (6 - 14).
-20
(-188 + 204 - (11 - 0)) + -23
-18
Evaluate -7 + 0 + (0 - 0) + (-20 - -16).
-11
(-14 + -6 + 21 - (7 - -1)) + 0
-7
-6 + (5 - (7 - -1)) + (14 - 6)
-1
Calculate 6 - (40 + (17 - 31)).
-20
Evaluate (5 - 56 - -6) + 30.
-15
What is -2 + 4 - -8 - (108 - 97)?
-1
Calculate 2516 + -2505 - (-1 - (-1 + -11)).
0
What is the value of -28 + 1 + (399 - 368)?
4
Calculate 16 + -12 + 3 + -15.
-8
22 + 3 + -6 - 3 - 5
11
Evaluate 16 + (1 - 1) - (-1 - (7 - 13)).
11
What is -13 + 2 - (16 + -11 + -10)?
-6
What is (-4 - (9 + -13)) + 3 + 6?
9
Evaluate -10 + -13 + 25 + (0 - 5) - 4.
-7
What is 18 - 22 - -7 - (12 + 0)?
-9
-386 - -399 - (35 + 0)
-22
What is 0 + 6 - -1 - (-449 - -474)?
-18
(-15 - (-26 + -5)) + -20
-4
-41 - ((-34 - -26) + -29)
-4
What is the value of 19 - -2 - ((3 - -15) + -13 + -9)?
25
(-1 - -15) + 425 + -430 + -19 + -5
-15
What is -2 + 0 + -22 + -1 + 113 + -106?
-18
Calculate (2 - (-16 - 6)) + -7.
17
What is (-3 - 13) + (43 - (-34 - -88))?
-27
What is -4 - 3 - ((-5 - -20) + 10)?
-32
What is 5 + (-7 - 17 - -3) + 6?
-10
What is the value of 3 + (0 - 3 - -6) + (14 - 13)?
7
What is 3 + -26 - (-32 - -18)?
-9
Evaluate (484 - 474) + -2 + 2 + 2 + 0.
12
-217 + 231 - (-2 - -29)
-13
Evaluate 3 - -4 - (-2 - (16 + -7)).
18
What is (5 - 2 - 19) + 18?
2
991 + -1026 + -5 + (0 - -2) + -3
-41
10 + 10 - ((-2 - -6) + -5)
21
What is 1 + 25 + -7 + -12 + -7 + 34?
34
Evaluate (9 - ((-4 - -4) + 6)) + -4.
-1
Evaluate 3 - (2 + 7 - 12 - (-1 - -1)).
6
Calculate (3 - -24) + -3 + (5 - 5) + -8.
16
What is (-11 - -48) + -26 + 4 + (-1 - -2)?
16
Calculate (-31 - (25 + -99)) + -39.
4
What is the value of ((-2 - 3) + 2 - -8) + -5?
0
What is (-4 - (-17 - -7)) + 4?
10
What is the value of -6 + 1 + 10 + 9?
14
-2 + (5 + -14 + 3 - (-2 + -3))
-3
Evaluate 8 - (10 - 14 - -11).
1
-13 - 0 - (-26 + -7)
20
What is -26 - -2 - (-260 + 226)?
10
Evaluate 17 - (-9 + 18 + -26).
34
Evaluate (-32 + -6 + 8 - -3) + 12.
-15
What is -16 + ((13 - 18) + 12 - 12)?
-21
Calculate (-215 - -223) + -4 + 1.
5
Evaluate -17 - -22 - (7 + 1).
-3
What is the value of (-19 - -12) + 0 - (-13 + 2 + -1)?
5
Evaluate 48 + -34 - (6 - -1).
7
Evaluate (1 - 1) + (-18 - -27 - 7).
2
Calculate -2 - -4 - 26 - 4.
-28
What is the value of -19 + (9 - -1) - (-6 - 3)?
0
What is the value of 7 - (-3 + 10 + -8 + -12)?
20
-10 + 0 - ((14 - 2) + -13 - -2)
-11
What is 0 + -5 - (-11 + (5 - 4) + 18)?
-13
What is 4 - (19 + 23 + -54)?
16
What is 2 + -25 + (17 - (18 + -10))?
-14
Calculate -12 + -2 + (0 - -19).
5
1 + -10 - (-31 + 4)
18
Evaluate -3 + -8 + -6 + 33 + -28.
-12
Evaluate 22 + -7 - (14 + -1 + 1 + -4).
5
Evaluate (-1 + (-3 - 0) - -2) + -23 + 34.
9
6 + -1 + 1 - (-1797 - -1817)
-14
10 + (6 - 7) + -6
3
Calculate (11 + -27 - -13) + 17 - 0.
14
What is (4 - (-6 + 20) - 2) + -3?
-15
What is 4 + (-4 - -6) - (-6 + 6 + 10)?
-4
Calculate -14 + (14 - 11 - -11 - -12).
12
Calculate 24 - (4 - (-10 + 9 + -2 - 3)).
14
Calculate 3 + (-12 - (-8 - -9)).
-10
10 + 4 - (-9 + 25)
-2
327 + -354 - (-11 + 2 + -1)
-17
Evaluate 0 - 21 - ((-75 - -52) + 28).
-26
What is (-3 - 0) + 8 + -5 - (43 + -48)?
5
-8 - (-17 + 7) - 0
2
Evaluate 4 + (-2 + (6 - 10) - -2).
0
What is (-6 - -17 - 6) + 11 + -9?
7
Evaluate 2 - (20 - 35) - 10 - (-3 - -6).
4
-3 + 14 - (-10 + 10 + 25)
-14
-4 + 8 - 24 - (-2 + -11)
-7
What is the value of 4 - ((13 - 3) + -14)?
8
-24 + 33 - 1 - 6
2
Evaluate -11 + 0 + 2 + 14 - (1 + -3).
7
Calculate 4 + 11 + -4 + -19 + 10 + -3.
-1
What is (0 - -2) + -12 + 6 + -15 + 4?
-15
Evaluate 1 + 30 - (165 - 151).
17
What is the value of 23 - -1 - (-16 - (-22 - 4))?
14
What is -18 - -14 - (20 + -35)?
11
What is the value of -2 - (-6 - (-6 + 17 + -3 + -1))?
11
Calculate 1 - (-1 + 6) - (200 - 202).
-2
What is the value of -5 - (-15 + 0 - (236 + -267))?
-21
What is the value of -56 + 61 - (1 - -1 - 1) - 3?
1
What is 3 + -8 + 5 + -13?
-13
(3 - -21 - 16) + (9 - -4)
21
Calculate -22 - -6 - -19 - (21 + 0).
-18
Calculate (21 - (0 - 0)) + -2307 + 2299.
13
What is (-13 - (0 + -7 + 17)) + 9 + 1?
-13
16 - ((2 - -6) + 8)
0
What is the value of (17 - 39) + 51 + (-16 - 0)?
13
What is -7 + -7 + 23 - (-6 + 0)?
15
-357 - -355 - (2 - (4 - 14))
-14
Calculate 8 - (-18 - (-4 + -5) - 3).
20
Calculate 6 + (17 - -1) + -11.
13
What is the value of (3 - -7) + 17 + -13?
14
What is the value of (8 - -12) + (-9 + -19 - -15)?
7
What is the value of 0 + (9 - -5 - 13) + 1 + 9?
11
17 - (-8 + (16 - -2 - 1)) - 22
-14
What is 5 + -10 + (-6 + 4 - -6)?
-1
8 + 1 + 2 + (-2 - (-7 - 10))
26
What is -13 - (3 + -3 + 1 + -5)?
-9
What is (-513 - -495) + (0 - -27)?
9
Evaluate 4 + (-1 + -1 - (7 - (1 + -8))).
-12
Calculate 1 - ((-1 - 4) + 0 + -4).
10
What is (-1 + -2 - 27) + (-119 - -132)?
-17
Calculate (-2 - -7 - (1 + 12)) + -22 + 37.
7
-1 + 15 + (6 - 34) + 6
-8
Calculate -23 + (-1 - (-28 + 7)).
-3
6 - (-1 + 0) - (157 - 155)
5
What is 8 - (-1 + (-3 + -1 - (-13 - -1)))?
1
What is the value of 35 - (-11 - (2 - 35))?
13
What is 0 - 6 - -9 - 11 - -6?
-2
-38 - -70 - 28 - (4 - 2)
2
-11 - (-34 - (-2 - 7))
14
What is the value of (2 - -14) + 2 + (52 - 40) + -11?
19
(13 - -2) + -100 + 91
6
104 + -103 + (-8 - 0) - -9
2
-12 + (-28 - (4 - 15))
-29
Calculate (3 - 30) + -8 + (12 + -9 - -6).
-26
Evaluate 2 + 12 - 3 - (2 - (-1 + -23)).
-15
Evaluate -6 + (14 - (11 + -7 - -5)).
-1
Evaluate (5 - (12 - -3)) + (-59 - -44).
-25
What is (-10 - (-3 + 2) - -7) + 4?
2
Evaluate (-5 + 6 + -9 - -22) + 2 + 0.
16
Calculate 2 + -12 + 11 + (-12 - (0 - -5)).
-16
Evaluate 8 + -3 - (101 + -103).
7
What is 29 - (29 + -35) - (9 + -2 + 2)?
26
What is the value of 28 - (0 - (21 - 49))?
0
Evaluate -3 + -5 + 29 + -3 + -21 + 12.
9
What is the value of -6 + 1 + 3 + 7 + (-8 - 1)?
-4
Evaluate 2 + 5 + (7 - 3 - 3) - 14.
-6
What is 0 + 9 - (2 + 15 + (2 - 6))?
-4
What is 1 + 0 + (-9 - -12)?
4
What is -13 - (-8 - (-12 - -25)) - (24 + 1)?
-17
Calculate -17 - (-1 - 0 - 5 - -8).
-19
18 + (-7 - (-8 + 5 + -2))
16
What is the value of -1 + -1 - -3 - (18 + -11 + -13)?
7
7 - (21 + -10 + 7 + -13)
2
What is 7 - -1 - (464 + -472)?
16
What is (-10 + 5 + 0 - 2) + -16 + 16?
-7
Evaluate (-17 + (-1 - 9) - -14) + -2 + 0.
-15
What is (3 + -4 - 24) + 19 + -25 + 10?
-21
1 + 5 + (-10 - -8 - -4)
8
Evaluate -30 - 0 - -15 - (0 - -8).
-23
Evaluate 1076 - 1073 - (-1 - 7).
11
Evaluate (25 - 21) + 3 + 22 + 6 + -4.
31
What is (-12 - (-1 - 6)) + 1 - 8?
-12
What is the value of (-11 - -31) + -2 + 3 + -11?
10
What is -2 - (2 - 5) - -3 - (29 - 26)?
1
Evaluate -4 + 1 + -1 - (6 + -19 + 12).
-3
What is 31 - (24 + -40 + 44)?
3
-8 - (3 - (-21 + 32) - (6 - -2))
8
What is the value of 3 + -4 + -5 - (-6 + 9)?
-9
Calculate 9 + (1 - (-1 + 1)) + (-6 - -5).
9
What is the value of -44 + 42 + -13 + (0 - 8)?
-23
What is the value of (6 - 5) + (2 - 11) + (-2 - -7)?
-3
Evaluate 112 + -47 - 71 - (-18 - (-1 - -1)).
12
What is (-12 - (-2 + 1 - 34)) + -11?
12
Evaluate (-4 - (-10 + (11 - 8))) + -17.
-14
-1 - (-19 - -6) - -2
14
What is the value of (3 - 1) + -22 - (-1 + 8)?
-27
What is 36 + -5 + -6 + -5?
20
Evaluate -8 - (-1 + 5) - (-118 - -114).
-8
What is -17 + (-14 - -35) - -12?
16
(-1 - (2 - -2)) + (-239 - -252)
8
-6 - (-14 + 2 + 0)
6
What is -22 - (-16 - -7) - -32?
19
Calculate -7 + (2 - -1 - (11 - 13)).
-2
What is the value of (13 - (3 - -2)) + -102 + 90?
-4
What is the value of (-26 - -6) + (9 - -26)?
15
What is the value of (-76 - -29 - -28) + 14?
-5
Calculate 16 + -4 + (-8 - 23).
-19
Calculate 0 + 6 + 1 + 4 - (4 + -2).
9
What is the value of -26 + (-20 - -36) + 6 + 1?
-3
Evaluate 5 + -6